l) = 148*l + 0 - 115 - 139 - 2. What is the hundreds digit of c(10)?
2
Let u(m) = 226*m**2 - m. Let r be u(1). Let l be 2*27/18 - 208/(-2). Let c = r - l. What is the hundreds digit of c?
1
Let s = 39 + -45. Let u(p) = -6*p - 2*p - p - 19. What is the tens digit of u(s)?
3
Let k(a) = 4*a**2 + 8*a + 10. Let r(q) = q**3 - 2*q**2 - 5*q + 6. Let v be r(3). Let h = v + -2. What is the tens digit of k(h)?
1
Let m = -20 + 24. Suppose 0 = -5*y + m*y - 3. What is the tens digit of 72 - ((-3)/(-3) + y)?
7
Let j = 876 + -497. Suppose -3*y + j = -563. What is the hundreds digit of y?
3
Let n(b) = b**3 + 32*b**2 - 26*b + 439. What is the hundreds digit of n(-24)?
6
Let q(u) = -35*u**3 - 58*u**2 - 12*u - 48. What is the units digit of q(-4)?
2
Let i = 44132 - 25774. What is the thousands digit of i?
8
Let j = -8359 - -30474. What is the units digit of j?
5
Suppose 1215 - 284 = -19*b. What is the units digit of 6/2 + 7/b*0?
3
Let i(t) = -t**2 - 26*t + 20. Let l(a) be the second derivative of 2*a**3/3 - 13*a**2/2 + 18*a. Let x be l(-3). What is the units digit of i(x)?
5
Let t = 68 + -66. Suppose t*l = 539 + 641. Suppose -10*k = -l - 340. What is the tens digit of k?
9
Suppose -4828 = -2*r - 5*t, 0 = 2*r - t - 2947 - 1881. What is the thousands digit of r?
2
Suppose -2*u - 2*l = 90, 0*l - 3*l = 5*u + 221. Let b = -40 - u. Suppose w + b*w = 480. What is the units digit of w?
0
Suppose -85 = -2*f + 3*p, 2*f + 4*p = 19 + 73. Let j = 71 - f. Suppose 0 = -4*m + 61 + j. What is the units digit of m?
2
Suppose 5*f + 5*a + 185869 = 7*f, 5*f + 3*a - 464626 = 0. What is the tens digit of f?
2
Suppose 5*k - 2123 = 8*k - 4*i, -2799 = 4*k + i. Let s = -638 - k. What is the tens digit of s?
6
Let o(p) = 35*p**3 - 3*p**2 + 5*p - 4. Let u be o(3). Let c = -591 + u. What is the hundreds digit of c?
3
Suppose -63*i = -68*i + 35. Suppose -450 = -i*s + 2693. What is the tens digit of s?
4
Let k be 4/12 - 651/9. Let f = 18 + k. Let i = f - -60. What is the units digit of i?
6
Let g = 4 - 4. Suppose g = -17*a + 8436 + 98. What is the units digit of a?
2
Let l be 339/(-4) + (-1)/4. Let q = -40 - l. Let t = 190 - q. What is the units digit of t?
5
Let o(k) = -k**3 + 20*k**2 - 3*k + 58. Let l be o(20). What is the hundreds digit of 6/4*l*5664/(-36)?
4
Let i(s) = 30*s - 612*s - 24 - 663*s + 264*s - 971*s. What is the hundreds digit of i(-1)?
9
Let i = 36577 - 24525. What is the units digit of i?
2
Suppose 0*v + v + 62000 = 11*v. What is the units digit of v?
0
Let y(k) = k**2 - 4*k - 2. Let s = 15 + -10. Let r be y(s). What is the tens digit of r*-11*(-160)/60?
8
Let m = -13097 + 14337. What is the units digit of m?
0
Let r(v) = 5*v**2 - 4. Let d(j) be the third derivative of -j**5/60 - 8*j**2. Let z(s) = 4*d(s) + r(s). What is the units digit of z(-3)?
5
Let i(k) = -k**3 + 48*k**2 - 170*k - 59. What is the hundreds digit of i(36)?
3
Let x(h) = 2382*h + 2323. What is the ten thousands digit of x(8)?
2
What is the units digit of (-3)/(-10) - 41982749/(-2570)?
6
Let z = 637 + -875. What is the thousands digit of (-315758)/z - (-2)/7?
1
What is the ten thousands digit of -12 + 19 - (-51530 - -4 - -2)?
5
Let q(x) = -18*x**2 + 13*x - 8. Let p be q(-6). Let b = 1393 + p. What is the tens digit of b?
5
What is the units digit of (-339211)/(-13) + 286/(-1859)?
3
Suppose 4*m = -m - 10, 0 = 5*d - 4*m - 18. Suppose 2*l = o - l - 5, -3*l - 7 = -d*o. Suppose -o*t + 164 = -v, v + 1 = -3. What is the units digit of t?
0
Let c = 1437 + 374. Let a = -812 + c. What is the tens digit of a?
9
Let i(f) = -590*f**2 + f - 2. Let w(u) = 591*u**2 - u + 3. Let b(s) = -4*i(s) - 3*w(s). What is the hundreds digit of b(-1)?
5
Let h = 927 + -375. Let b = h + -304. What is the tens digit of b?
4
Suppose 4*o + 104 = -4*q, -4*o - 15 = o. Let p = q - -28. Suppose 3*g = -p*b + 193, -3*b + 4*g = 3*g - 127. What is the units digit of b?
1
Suppose -4*n - 177 + 153 = 0. What is the hundreds digit of (n + -6)*(195/(-9) - -1)?
2
Let z = -448 + 833. Let l(k) = k**3 + 21*k**2 + 22*k + 466. Let t be l(-21). Suppose 0 = -5*m - 5*p + z, -t*m + 2*p + 299 = 3*p. What is the tens digit of m?
7
Let v = 21475 - 10149. What is the tens digit of v?
2
Suppose -9*d - 528 = -20*d. Suppose -d*w + 1344 = -34*w. What is the units digit of w?
6
Suppose 10*b + 15 = 11*b - 5*a, 5*b = 3*a + 119. What is the units digit of 5/(b/(-15)) - -175?
2
Let g(y) = 36 - 18*y - 3*y**2 - 2*y**2 + 4*y**2. Suppose -102 = 23*c + 243. What is the tens digit of g(c)?
8
Let b = 60 + -47. Suppose -b*u = -u - 7980. What is the units digit of u?
5
Let r = -21623 - -34509. What is the ten thousands digit of r?
1
Suppose -4*j + 18*j + 42 = 0. What is the tens digit of (-9)/(-6)*j/(-2)*524?
7
Let k = 135 + -124. Suppose 0 = k*o - 8*o + 12. What is the units digit of o - (-5 - 0) - -109?
0
Let s = -113 - -162. Suppose -k - k + 5*b = -s, 4*k = -3*b + 59. Suppose 4*a - 509 = -k. What is the hundreds digit of a?
1
Suppose -74 = 9*r - 92. Suppose 0*f + f - 2 = 0. Suppose -381 = -2*g + 3*q, -r*q = -f*g - 6*q + 402. What is the tens digit of g?
9
Suppose -2*j = -w + 7700, -3*w = -w - 5*j - 15402. What is the thousands digit of w?
7
Let k(c) = -c**3 - 3*c**2 + 3*c + 37. Let v be k(-4). Let g = -132 - -81. Let l = v - g. What is the tens digit of l?
9
Let r(i) = i - 11. Let y be 2*(-1)/2*(-18 - -11). Let o be r(y). What is the units digit of o + 30 + 20/(-5)?
2
Let m = 43 + -36. Let b be -1 + 5 - ((m - 4) + -4). Suppose -139 - 101 = -b*h. What is the units digit of h?
8
Suppose 19 = 46*x - 73. Suppose 5*y - 10114 = x*n, -7*n + 3*n = y - 2014. What is the thousands digit of y?
2
Let r = -37 - -51. Let w(c) = 5*c - 58. Let m be w(r). Suppose 2*t - 454 = -0*t - 5*n, -3*n - m = 0. What is the units digit of t?
7
Suppose -4*t + 2*x = 6, 0 + 19 = 4*t + 3*x. Let q be 45 + 0 + (1 - 1). What is the units digit of q*t*6/4*2?
5
Suppose 2*r + 851 = 5*b, 4*b - 686 = -34*r + 33*r. Suppose -174*a = -b*a - 1710. What is the hundreds digit of a?
5
Let t(o) be the first derivative of 2*o**3/3 + 8*o**2 + 41*o - 28. What is the hundreds digit of t(-18)?
4
Let p(v) = -1895*v**3 - v**2 - 15*v - 24. What is the hundreds digit of p(-3)?
1
Suppose n + 1 = 2, 2*i - 5*n + 9 = 0. Let c = 192 - i. What is the units digit of c?
4
Let i(q) = 19*q**2 - 67*q**3 + 45*q**3 + 21*q**3 + 18*q - 53. What is the hundreds digit of i(17)?
8
Let l(m) = 16*m**3 - 3*m**2 - 3*m + 19. Let o be 13/((-728)/(-24))*7. What is the hundreds digit of l(o)?
4
Suppose 2*r = -3*r + 5. What is the tens digit of ((3 - r) + -3)/(20/(-24020))?
0
Suppose -m + 52*m = 3876. Suppose 5*u - 4266 = o + 222, -2*u = -3*o - 1790. What is the units digit of m/(-95) - u/(-10)?
9
Let u = 89 + -86. Let q be u/(3090/1025 + -3). Suppose 5*s - 460 - q = 0. What is the tens digit of s?
3
Let f = 109 + -96. Suppose j - 3*m - 5 = 0, -f = -j - 3*j + 5*m. Suppose -518 - 631 = -4*i - 3*y, 1134 = 4*i - j*y. What is the units digit of i?
5
Suppose 23*v - 171910 = -5*g + 13*v, -68772 = -2*g - 5*v. What is the units digit of g?
6
Let b(j) = 5*j**2 + 7*j - 7. Let q be b(-4). Let w(l) = 151*l + 8. Let x be w(-6). What is the units digit of x/(-10) + 9/q?
0
Let u be 36/(-3)*2 + 5. Let p(k) = k**2 + 3*k + 9. Let i be p(u). Suppose 0 = -3*y + 6, -i = -3*g + 4*y + 90. What is the units digit of g?
7
Let c be 2/(-9) + (-8300)/(-90). Let z(x) = -x + 3. Let f be z(3). Suppose 0*s + s - c = f. What is the units digit of s?
2
Let l(b) = b + 69. Let x be l(0). Let a = -125 + x. Let m = 28 - a. What is the units digit of m?
4
Let t be 3*(-24)/(-18) + 1 + 0. Let c(v) = 71*v + 150. What is the hundreds digit of c(t)?
5
Suppose -18*c + 324 = -0*c. Suppose -w + 1095 = -4*y, 0 = 4*w - 21*y + c*y - 4315. What is the thousands digit of w?
1
Let u(y) = 9*y**3 - 7*y**2 + 11*y - 15. Let k be u(6). Suppose k = -8*b + b. Let x = b - -363. What is the hundreds digit of x?
1
Let w be 2*(-7 + (-10 - -7))*-3. Let g(x) = 10*x + 6. Let u be g(9). Let s = u - w. What is the units digit of s?
6
Let v = 3067 - -31623. What is the hundreds digit of v?
6
Let h = 152033 + -99870. What is the tens digit of h?
6
Let w(m) = -m**3 + 9*m**2 - 30*m + 9. Let j be w(4). Let x = j + 1300. What is the units digit of x?
9
Suppose -260 + 26 = -2*p. Suppose -21 = -6*f + p. Let n(w) = w - 4. What is the units d